f n?
5
Let j = 1736 - 1126. What is the units digit of j?
0
Let l be (-4)/16 - -1*11/(-4). Let p(h) = -h**3 - h**2 + 3*h + 7. What is the units digit of p(l)?
6
Let m(b) = -111 - 8*b + 117 + b**3 + 2*b**2 + b. What is the units digit of m(4)?
4
Let g(a) = a**2 + 23*a - 33. Let l be g(-24). Let h(j) = 3*j**2 + 18*j + 17. What is the units digit of h(l)?
8
Let q be ((-2)/3)/(7/42). Let v be (-9)/2*q/6. Suppose d - 4*y = -1, 0 = -d + v*d + 2*y - 38. What is the units digit of d?
5
What is the tens digit of (4336/(-132) - 26/(-143))*-105?
3
Let n(v) = 3*v**2 - v + 3. Let m = 29 + -15. Let c = m - 12. What is the units digit of n(c)?
3
Suppose -5*x + 65 = 5*p, -4*x + 0 = -4*p + 44. Let j = p - 9. Suppose -79 = -4*n - 0*b + j*b, 2*n - 56 = -4*b. What is the tens digit of n?
2
Suppose 5*z = 7*z - 6. Suppose -9*t + 168 = -z*t. What is the tens digit of t?
2
Let u = 31 + -35. Let t(o) = 4*o**2 - 2. What is the units digit of t(u)?
2
Let l be ((-60)/18)/(-4 - (-70)/15). Let y(t) = -8 + 2*t - 4*t + 0*t. What is the units digit of y(l)?
2
Let d(r) = r**3 - 5*r**2 - 3*r - 3. Let b be (-20)/6*18/(-10). What is the units digit of d(b)?
5
Suppose 2*k = 14 - 2. Let g be (2/6)/((-2)/k). What is the tens digit of g/((-1 + -1)/88)?
4
Let b(d) = -5*d + 11. Let c(l) be the first derivative of -5*l**2/2 + 10*l - 9. Let u(v) = -3*b(v) + 2*c(v). What is the tens digit of u(6)?
1
Let d be (-5)/(-15) + 2/(-6). Suppose 44 = 2*s - d. Suppose -4*i + s + 6 = 0. What is the units digit of i?
7
Let b(f) = -11*f - 5 + 1 - 2. What is the tens digit of b(-8)?
8
Let m(x) = 1001*x**2 - 10*x - 4. What is the hundreds digit of m(-1)?
0
Let g(l) = 3*l**3 - l**2 + 1. Let k(n) = -n**2 - 4*n + 6. Let i be k(-7). Let t = 17 + i. What is the tens digit of g(t)?
2
Let x = -124 - -69. Let d = 203 + x. What is the tens digit of d?
4
Let m = -19 + 27. Let w(c) = m - 10 + 0*c**2 + c**2 - c. What is the tens digit of w(4)?
1
Suppose -928 = -7*l + 3*l. Suppose -5*w + 242 = f - 42, 4*f + l = 4*w. Suppose 12 = 3*k, 4*b + w = 5*b + 5*k. What is the tens digit of b?
3
Let d = 25 + 1. Suppose -w = -3*w + 4*r + 94, -w - 5*r + d = 0. Suppose 0 = 2*m - 63 - w. What is the tens digit of m?
5
What is the units digit of (17 + -12)/((-1)/56)*-1?
0
Suppose 2*k + y = 6*k - 3092, -2*k = 3*y - 1560. What is the hundreds digit of k?
7
Let b(g) = g**3 - 15*g**2 + 13*g + 18. Let d be b(14). What is the units digit of ((-3)/(-9))/(d/(-8))*-237?
8
Suppose 0 = -4*y + v - 418, 2*y - 3*v = -y - 309. What is the tens digit of 63*(-10)/y*9?
5
Let q(g) = g**2. Let b(k) = 6*k**2 + 3*k - 2. Let h(w) = b(w) - q(w). Let m be h(3). Let c = -29 + m. What is the units digit of c?
3
Let m(o) = -o**2 - 7*o - 3. Let z be m(-7). Suppose 4*f = -29 - 91. What is the units digit of (2/z)/(5/f)?
4
Suppose 0 = 5*r - 25, b + 2*b - 35 = -4*r. Suppose b*t = -3*g + 684, 5*t + 2*g = -0*t + 686. Suppose -11*q + 5*q + t = 0. What is the tens digit of q?
2
Let w(x) = 5*x**2 - 9*x - 40. What is the tens digit of w(10)?
7
Let s = -1491 - -2272. What is the units digit of s?
1
Let a be (-1)/(-2) - 914/(-4). Suppose -2*w - 5*h + 97 = 0, -a = -5*w + h - 0*h. What is the tens digit of w?
4
Suppose 2*p = -5*s + 4037, -2*s = -143*p + 146*p - 1617. What is the tens digit of s?
0
Let v = -20 + 14. What is the tens digit of 130/(-15)*v/4?
1
Let i = -95 - -187. What is the tens digit of i?
9
What is the tens digit of (-3 - -2266) + 36 + -42?
5
Let m be (-4 + -3 - -4) + 312. What is the tens digit of m/15 - (-12)/(-20)?
2
What is the units digit of 140/(-175) - 2/10 - -14?
3
Let f = 12 + -17. Let n(u) = 3*u**2 + u + 1. What is the units digit of n(f)?
1
Suppose 0 = 3*j - 7 - 2. Let z = 142 + -100. Suppose 6*x - j*x = z. What is the units digit of x?
4
Suppose 69 = -2*y + 5*y. Let n = 20 - 7. Suppose 0*t + t - n = -2*l, -4*l = -t - y. What is the units digit of l?
6
Let q(y) = 47*y**2 - 3*y - 3. Let s be q(-2). Let o = 90 + s. What is the tens digit of o?
8
Let g(h) = h**3 + 4*h**2 - 2*h - 3. Let f be g(-2). Suppose 4*d - f = d. Let c(v) = v + 7. What is the units digit of c(d)?
0
Let z = -61 + 58. What is the units digit of z + (-411)/(-2)*(-14)/(-21)?
4
Let o = 1955 + -1328. What is the tens digit of o?
2
Let c = -4416 + 6865. What is the hundreds digit of c?
4
Let l(h) = 0*h**3 + 3*h**3 + 2*h**2 - 2*h**2 + h**2. What is the tens digit of l(2)?
2
Let s = -159 + 662. What is the tens digit of s?
0
Suppose 8760 = -118*h + 121*h. What is the thousands digit of h?
2
Suppose -27 = 2*m - 123. Suppose -m = -v + 51. Suppose 4*y - 3*t - 8 - 69 = 0, 5*y - t = v. What is the tens digit of y?
2
Suppose 5*b - 4*a = 96, 3*a - 76 = -5*b + 2*a. Let g be (-25)/(-2) - 8/b. Suppose h - y - g = 0, 4*h = h + y + 34. What is the units digit of h?
1
What is the tens digit of ((-564)/(-30))/((78/1440)/13)?
1
Suppose 28*y - 22*y - 78 = 0. Suppose -y*k = -17*k + 784. What is the units digit of k?
6
Let r(b) = 6*b + 237. What is the units digit of r(22)?
9
Suppose 7*j = 13*j - 96. Suppose 2*n + 3*n + 100 = 0. What is the units digit of (j/n)/(1/(-25))?
0
Let k(x) = -x**3 + 12*x**2 - 16*x + 15. Let u be k(11). Let t(m) = -m**3 - m**2 + 2*m + 10. Let j be t(-7). What is the tens digit of (j/u)/((-2)/8)?
2
Let v = 258 - 160. Let y = -41 + v. What is the tens digit of y?
5
Let k = -41 + 186. What is the units digit of k?
5
Suppose 0*s = -3*s - v + 3682, 0 = -2*s + 2*v + 2460. What is the tens digit of s?
2
Suppose 28860 = -19*p + 39*p. What is the hundreds digit of p?
4
Let v(n) = 4*n**3 - 2*n**2 + 5*n + 3. Let x be v(-3). Let o be x/5*(-30)/9. Suppose -5*c = -4*y + 348, 5*c = -5*y + 298 + o. What is the units digit of y?
2
Let g be -87 - (0/4)/(-4). Let o = 298 + g. What is the hundreds digit of o?
2
Let m(w) = 9*w. Let t(r) = 3*r + 3 - 2*r**2 - 6 + 6*r**2. Let q be t(1). What is the units digit of m(q)?
6
Let w be -3 - -3 - (0 - 5). Let x = 16 - w. What is the tens digit of x?
1
Let q(p) = 3*p**3 + 81*p**2 - 26*p - 84. What is the units digit of q(-27)?
8
Suppose -3 = -8*n + 9*n, -3*h + 1716 = 2*n. What is the units digit of h?
4
Let v = -340 - -629. What is the units digit of v?
9
Suppose -2*b + 9 = b. Suppose 0 = b*l + 189 - 459. What is the tens digit of l?
9
Let b be (2 - 90/8)*(-5 + -15). Let v = -125 + b. What is the units digit of v?
0
Let w(z) = 34*z + 590. What is the tens digit of w(23)?
7
Let d be ((-69)/(-12) - 1) + 12/(-16). Suppose -70 - 254 = -d*b. What is the units digit of b?
1
Let s(v) = v**2 + 3*v - 116. What is the units digit of s(24)?
2
Let a = 3211 - 2184. What is the tens digit of a?
2
Suppose 29*y - 30*y + 1376 = 0. What is the tens digit of y?
7
Let f(c) = -236*c - 6. Let s be f(-11). Suppose 15*y - y - s = 0. What is the hundreds digit of y?
1
Suppose 0 = -n - 4*n. Suppose 25 = z - n. Suppose 4*m + 10 - z = -y, -4*y = -m - 43. What is the tens digit of y?
1
Let p = -507 - -246. Let a = p - -368. What is the tens digit of a?
0
Let p(q) = 2*q + 12. Let r(i) = -i + 1. Let m(x) = 2*x + 26. Let j(c) = m(c) - 2*r(c). Let s(d) = 3*j(d) - 5*p(d). What is the tens digit of s(6)?
2
Let a(z) = -223*z - 172. What is the units digit of a(-11)?
1
Let d = 811 - 292. Let y = d - 342. What is the hundreds digit of y?
1
Let y be (6 + -18)/((-2)/3). Suppose -82 = -2*p - y. What is the units digit of p?
2
Let x(l) = 7*l - 6. Let w be x(-3). Let g = w + 139. Suppose 0 = -3*u - 5*h + g, -2*u + 0*h = -2*h - 48. What is the tens digit of u?
2
Suppose 2*o - 10 = 0, -7*d = -4*d - 4*o - 85. Let y = 116 - d. What is the units digit of y?
1
Suppose -l - 616 = -15*l. What is the units digit of l?
4
Let t(f) = -34*f - 5. Let i be t(-2). Let s = 106 - i. Suppose -s + 1 = -3*z - 3*w, 3*z = w + 30. What is the units digit of z?
1
Suppose 3*k + 15 = 0, z + 2*k = -4*z + 5740. What is the thousands digit of z?
1
Suppose -4*k + 0 + 0 = 0. Suppose k = -9*c + 98 + 199. What is the tens digit of c?
3
Let z be (7/(-21))/((-3)/27). Suppose 3*t - z*n = 240, -t - 3*n - 17 = -93. What is the units digit of t?
9
Suppose -3*l = -2*n - 29, 0 + 1 = -l. Let y = n - -16. Suppose y = -2*c + 8, 0*v - 4*v + c = -20. What is the units digit of v?
6
Let h(t) = -t**3 + 6*t**2 + 7*t + 3. Let z be h(6). Let p = -20 + z. Suppose 0 = w + q + 4*q - p, 0 = -5*q. What is the tens digit of w?
2
Suppose 24*w - 106513 + 